{"id":89,"date":"2018-10-20T17:04:09","date_gmt":"2018-10-20T15:04:09","guid":{"rendered":"http:\/\/clairemoog.com\/?page_id=89"},"modified":"2019-01-12T18:30:51","modified_gmt":"2019-01-12T17:30:51","slug":"prainting","status":"publish","type":"page","link":"https:\/\/clairemoog.com\/index.php\/prainting\/","title":{"rendered":"prainting # prainting"},"content":{"rendered":"<div id=\"pl-gb89-69ecc4abcd9a2\"  class=\"panel-layout\" ><div id=\"pg-gb89-69ecc4abcd9a2-0\"  class=\"panel-grid panel-no-style\" ><div id=\"pgc-gb89-69ecc4abcd9a2-0-0\"  class=\"panel-grid-cell\" ><div id=\"panel-gb89-69ecc4abcd9a2-0-0-0\" class=\"so-panel widget widget_text panel-first-child panel-last-child\" data-index=\"0\" >\t\t\t<div class=\"textwidget\"><p><img data-attachment-id=\"524\" data-permalink=\"https:\/\/clairemoog.com\/index.php\/prainting\/sony-dsc-100\/\" data-orig-file=\"https:\/\/clairemoog.com\/wp-content\/uploads\/2018\/11\/Prainting4.jpg\" data-orig-size=\"1634,1290\" data-comments-opened=\"0\" data-image-meta=\"{&quot;aperture&quot;:&quot;5&quot;,&quot;credit&quot;:&quot;&quot;,&quot;camera&quot;:&quot;DSLR-A300&quot;,&quot;caption&quot;:&quot;SONY DSC&quot;,&quot;created_timestamp&quot;:&quot;1475057039&quot;,&quot;copyright&quot;:&quot;&quot;,&quot;focal_length&quot;:&quot;28&quot;,&quot;iso&quot;:&quot;100&quot;,&quot;shutter_speed&quot;:&quot;0.02&quot;,&quot;title&quot;:&quot;SONY DSC&quot;,&quot;orientation&quot;:&quot;1&quot;}\" data-image-title=\"Prainting #04\" data-image-description=\"&lt;p&gt;Technique mixte peinture et gravure, sur toile, 160 x 200 cm (2.600 \u20ac)&lt;\/p&gt;\n\" data-image-caption=\"&lt;p&gt;Prainting #04&lt;\/p&gt;\n\" data-medium-file=\"https:\/\/clairemoog.com\/wp-content\/uploads\/2018\/11\/Prainting4-500x395.jpg\" data-large-file=\"https:\/\/clairemoog.com\/wp-content\/uploads\/2018\/11\/Prainting4-1024x808.jpg\" loading=\"lazy\" class=\"size-large wp-image-524\" src=\"https:\/\/i1.wp.com\/clairemoog.com\/wp-content\/uploads\/2018\/11\/Prainting4.jpg?resize=1024%2C808\" alt=\"\" width=\"1024\" height=\"808\" data-recalc-dims=\"1\" srcset=\"https:\/\/i1.wp.com\/clairemoog.com\/wp-content\/uploads\/2018\/11\/Prainting4.jpg?w=1634&amp;ssl=1 1634w, https:\/\/i1.wp.com\/clairemoog.com\/wp-content\/uploads\/2018\/11\/Prainting4.jpg?resize=300%2C237&amp;ssl=1 300w, https:\/\/i1.wp.com\/clairemoog.com\/wp-content\/uploads\/2018\/11\/Prainting4.jpg?resize=500%2C395&amp;ssl=1 500w, https:\/\/i1.wp.com\/clairemoog.com\/wp-content\/uploads\/2018\/11\/Prainting4.jpg?resize=768%2C606&amp;ssl=1 768w, https:\/\/i1.wp.com\/clairemoog.com\/wp-content\/uploads\/2018\/11\/Prainting4.jpg?resize=1024%2C808&amp;ssl=1 1024w, https:\/\/i1.wp.com\/clairemoog.com\/wp-content\/uploads\/2018\/11\/Prainting4.jpg?resize=370%2C292&amp;ssl=1 370w, https:\/\/i1.wp.com\/clairemoog.com\/wp-content\/uploads\/2018\/11\/Prainting4.jpg?resize=200%2C158&amp;ssl=1 200w\" sizes=\"(max-width: 1024px) 100vw, 1024px\" \/><\/p>\n<!-- Final Tiles Grid Gallery for WordPress v3.5.1 free --><style>#ftg-55 .tile .icon { color:#ffffff; }#ftg-55 .ftg-items .loading-bar i { background:#666; }#ftg-55 .ftg-items .loading-bar { background:#fff; }#ftg-55 .tile .icon { font-size:12px; }#ftg-55 .tile .icon { margin: -6px 0 0 -6px; }#ftg-55 .tile .caption-block .text-wrapper span.text { font-size:12px; }#ftg-55 .tile .caption-outside .text-wrapper span.text { font-size:12px; }#ftg-55 .tile .caption-block .text-wrapper span.title { font-size:14px; }#ftg-55 .tile .caption-outside .text-wrapper span.title { font-size:14px; }#ftg-55 .tile { background-color: transparent; }#ftg-55 .tile .caption-block .text-wrapper span.text { color: #ffffff; }#ftg-55 .tile .caption-block .text-wrapper span.title { color: #ffffff; }#ftg-55 .tile .caption-outside .text-wrapper span.text { color: #ffffff; }#ftg-55 .tile .caption-outside .text-wrapper span.title { color: #ffffff; }#ftg-55 .tile .ftg-social a { color: #ffffff; }#ftg-55 .tile .caption-block { transition-timing-function:ease; }#ftg-55 .tile .caption-block { transition-duration:0.25s; }#ftg-55 .tile .tile-inner:before { background-color: #000000; }#ftg-55 .tile .tile-inner:before { background-color: rgba(0, 0, 0, 0.8); }#ftg-55 .tile:hover img {-moz-transform: ;-webkit-transform: ;-o-transform: ;-ms-transform: ;transform: ;}<\/style><a name='5'><\/a><div class='final-tiles-gallery  ftg-hover-enabled caption-inside  caption-none caption-middle caption-center' id='ftg-55' style='width:100%'><div class='ftg-items'><div class='loading-bar'><i><\/i><\/div><div  class='tile ftg-preload  '><a title=\"Prainting #05\" data-lightbox='ftg-55' rel='ftg-55'  class=' tile-inner  ftg-lightbox' href='https:\/\/i1.wp.com\/clairemoog.com\/wp-content\/uploads\/2018\/11\/clairemoog_prainting_05-1024x1024.jpg?ssl=1' ><img alt='Prainting #05' class='item skip-lazy' data-class='item' data-ftg-source='https:\/\/i2.wp.com\/clairemoog.com\/wp-content\/uploads\/2018\/11\/clairemoog_prainting_05.jpg?resize=1140%2C1140' src='https:\/\/i2.wp.com\/clairemoog.com\/wp-content\/uploads\/2018\/11\/clairemoog_prainting_05.jpg?resize=1140%2C1140' width='1140' height='1140' data-recalc-dims=\"1\" \/><div class='caption-block'><div class='text-wrapper'><span class='title'>Prainting #05<\/span><span class='text'>Technique mixte peinture et gravure sur toile, 40 x 40 cm (320 \u20ac)<\/span><\/div><\/div><\/a><div class='ftg-social'><\/div><\/div><div  class='tile ftg-preload  '><a title=\"Prainting #10\" data-lightbox='ftg-55' rel='ftg-55'  class=' tile-inner  ftg-lightbox' href='https:\/\/i2.wp.com\/clairemoog.com\/wp-content\/uploads\/2018\/11\/clairemoog_prainting_10-1024x1024.jpg?ssl=1' ><img alt='Prainting #10' class='item skip-lazy' data-class='item' data-ftg-source='https:\/\/i1.wp.com\/clairemoog.com\/wp-content\/uploads\/2018\/11\/clairemoog_prainting_10.jpg?resize=1140%2C1140' src='https:\/\/i1.wp.com\/clairemoog.com\/wp-content\/uploads\/2018\/11\/clairemoog_prainting_10.jpg?resize=1140%2C1140' width='1140' height='1140' data-recalc-dims=\"1\" \/><div class='caption-block'><div class='text-wrapper'><span class='title'>Prainting #10<\/span><span class='text'>Technique mixte peinture et gravure sur toile, 40 x 40 cm (320 \u20ac)<\/span><\/div><\/div><\/a><div class='ftg-social'><\/div><\/div><div  class='tile ftg-preload  '><a title=\"Prainting #13\" data-lightbox='ftg-55' rel='ftg-55'  class=' tile-inner  ftg-lightbox' href='https:\/\/i2.wp.com\/clairemoog.com\/wp-content\/uploads\/2018\/11\/clairemoog_prainting_13-1024x1024.jpg?ssl=1' ><img alt='Prainting #13' class='item skip-lazy' data-class='item' data-ftg-source='https:\/\/i2.wp.com\/clairemoog.com\/wp-content\/uploads\/2018\/11\/clairemoog_prainting_13.jpg?resize=1140%2C1140' src='https:\/\/i2.wp.com\/clairemoog.com\/wp-content\/uploads\/2018\/11\/clairemoog_prainting_13.jpg?resize=1140%2C1140' width='1140' height='1140' data-recalc-dims=\"1\" \/><div class='caption-block'><div class='text-wrapper'><span class='title'>Prainting #13<\/span><span class='text'>Technique mixte peinture et gravure sur toile, 30 x 30 cm (210 \u20ac)<\/span><\/div><\/div><\/a><div class='ftg-social'><\/div><\/div><div  class='tile ftg-preload  '><a title=\"Prainting #07\" data-lightbox='ftg-55' rel='ftg-55'  class=' tile-inner  ftg-lightbox' href='https:\/\/i1.wp.com\/clairemoog.com\/wp-content\/uploads\/2018\/11\/clairemoog_prainting_07-1024x1024.jpg?ssl=1' ><img alt='Prainting #07' class='item skip-lazy' data-class='item' data-ftg-source='https:\/\/i2.wp.com\/clairemoog.com\/wp-content\/uploads\/2018\/11\/clairemoog_prainting_07.jpg?resize=1140%2C1140' src='https:\/\/i2.wp.com\/clairemoog.com\/wp-content\/uploads\/2018\/11\/clairemoog_prainting_07.jpg?resize=1140%2C1140' width='1140' height='1140' data-recalc-dims=\"1\" \/><div class='caption-block'><div class='text-wrapper'><span class='title'>Prainting #07<\/span><span class='text'>Technique mixte peinture et gravure sur toile, 40 x 40 cm (320 \u20ac)<\/span><\/div><\/div><\/a><div class='ftg-social'><\/div><\/div><div  class='tile ftg-preload  '><a title=\"Prainting #08\" data-lightbox='ftg-55' rel='ftg-55'  class=' tile-inner  ftg-lightbox' href='https:\/\/i0.wp.com\/clairemoog.com\/wp-content\/uploads\/2018\/11\/clairemoog_prainting_08-1024x1024.jpg?ssl=1' ><img alt='Prainting #08' class='item skip-lazy' data-class='item' data-ftg-source='https:\/\/i0.wp.com\/clairemoog.com\/wp-content\/uploads\/2018\/11\/clairemoog_prainting_08.jpg?resize=1140%2C1140' src='https:\/\/i0.wp.com\/clairemoog.com\/wp-content\/uploads\/2018\/11\/clairemoog_prainting_08.jpg?resize=1140%2C1140' width='1140' height='1140' data-recalc-dims=\"1\" \/><div class='caption-block'><div class='text-wrapper'><span class='title'>Prainting #08<\/span><span class='text'>Technique mixte peinture et gravure sur toile, 40 x 40 cm (320 \u20ac)<\/span><\/div><\/div><\/a><div class='ftg-social'><\/div><\/div><div  class='tile ftg-preload  '><a title=\"Prainting #02\" data-lightbox='ftg-55' rel='ftg-55'  class=' tile-inner  ftg-lightbox' href='https:\/\/i1.wp.com\/clairemoog.com\/wp-content\/uploads\/2018\/11\/Prainting2-800x1024.jpg?ssl=1' ><img alt='Prainting #02' class='item skip-lazy' data-class='item' data-ftg-source='https:\/\/i0.wp.com\/clairemoog.com\/wp-content\/uploads\/2018\/11\/Prainting2.jpg?resize=1140%2C1460' src='https:\/\/i0.wp.com\/clairemoog.com\/wp-content\/uploads\/2018\/11\/Prainting2.jpg?resize=1140%2C1460' width='1140' height='1460' data-recalc-dims=\"1\" \/><div class='caption-block'><div class='text-wrapper'><span class='title'>Prainting #02<\/span><span class='text'>Technique mixte peinture et gravure sur toile libre, 80 x 100 cm (700 \u20ac)<\/span><\/div><\/div><\/a><div class='ftg-social'><\/div><\/div><div  class='tile ftg-preload  '><a title=\"Prainting #18\" data-lightbox='ftg-55' rel='ftg-55'  class=' tile-inner  ftg-lightbox' href='https:\/\/i2.wp.com\/clairemoog.com\/wp-content\/uploads\/2018\/11\/Prainting18-1024x999.jpg?ssl=1' ><img alt='Prainting #18' class='item skip-lazy' data-class='item' data-ftg-source='https:\/\/i2.wp.com\/clairemoog.com\/wp-content\/uploads\/2018\/11\/Prainting18.jpg?resize=1140%2C1112' src='https:\/\/i2.wp.com\/clairemoog.com\/wp-content\/uploads\/2018\/11\/Prainting18.jpg?resize=1140%2C1112' width='1140' height='1112' data-recalc-dims=\"1\" \/><div class='caption-block'><div class='text-wrapper'><span class='title'>Prainting #18<\/span><span class='text'>Technique mixte peinture et gravure sur toile, 30 x 30 cm (210 \u20ac)<\/span><\/div><\/div><\/a><div class='ftg-social'><\/div><\/div><div  class='tile ftg-preload  '><a title=\"Prainting #11\" data-lightbox='ftg-55' rel='ftg-55'  class=' tile-inner  ftg-lightbox' href='https:\/\/i0.wp.com\/clairemoog.com\/wp-content\/uploads\/2018\/11\/clairemoog_prainting_11-1024x1024.jpg?ssl=1' ><img alt='Prainting #11' class='item skip-lazy' data-class='item' data-ftg-source='https:\/\/i0.wp.com\/clairemoog.com\/wp-content\/uploads\/2018\/11\/clairemoog_prainting_11.jpg?resize=1140%2C1140' src='https:\/\/i0.wp.com\/clairemoog.com\/wp-content\/uploads\/2018\/11\/clairemoog_prainting_11.jpg?resize=1140%2C1140' width='1140' height='1140' data-recalc-dims=\"1\" \/><div class='caption-block'><div class='text-wrapper'><span class='title'>Prainting #11<\/span><span class='text'>Technique mixte peinture et gravure sur toile, 40 x 40 cm (320 \u20ac)<\/span><\/div><\/div><\/a><div class='ftg-social'><\/div><\/div><div  class='tile ftg-preload  '><a title=\"Prainting #12\" data-lightbox='ftg-55' rel='ftg-55'  class=' tile-inner  ftg-lightbox' href='https:\/\/i0.wp.com\/clairemoog.com\/wp-content\/uploads\/2018\/11\/clairemoog_prainting_12-1024x1024.jpg?ssl=1' ><img alt='Prainting #12' class='item skip-lazy' data-class='item' data-ftg-source='https:\/\/i0.wp.com\/clairemoog.com\/wp-content\/uploads\/2018\/11\/clairemoog_prainting_12.jpg?resize=1140%2C1140' src='https:\/\/i0.wp.com\/clairemoog.com\/wp-content\/uploads\/2018\/11\/clairemoog_prainting_12.jpg?resize=1140%2C1140' width='1140' height='1140' data-recalc-dims=\"1\" \/><div class='caption-block'><div class='text-wrapper'><span class='title'>Prainting #12<\/span><span class='text'>Technique mixte peinture et gravure sur toile, 40 x 40 cm (vendue)<\/span><\/div><\/div><\/a><div class='ftg-social'><\/div><\/div><div  class='tile ftg-preload  '><a title=\"Prainting #09\" data-lightbox='ftg-55' rel='ftg-55'  class=' tile-inner  ftg-lightbox' href='https:\/\/i2.wp.com\/clairemoog.com\/wp-content\/uploads\/2018\/11\/clairemoog_prainting_09-1024x1024.jpg?ssl=1' ><img alt='Prainting #09' class='item skip-lazy' data-class='item' data-ftg-source='https:\/\/i2.wp.com\/clairemoog.com\/wp-content\/uploads\/2018\/11\/clairemoog_prainting_09.jpg?resize=1140%2C1140' src='https:\/\/i2.wp.com\/clairemoog.com\/wp-content\/uploads\/2018\/11\/clairemoog_prainting_09.jpg?resize=1140%2C1140' width='1140' height='1140' data-recalc-dims=\"1\" \/><div class='caption-block'><div class='text-wrapper'><span class='title'>Prainting #09<\/span><span class='text'>Technique mixte peinture et gravure sur toile, 40 x 40 cm (320 \u20ac)<\/span><\/div><\/div><\/a><div class='ftg-social'><\/div><\/div><div  class='tile ftg-preload  '><a title=\"Prainting #21\" data-lightbox='ftg-55' rel='ftg-55'  class=' tile-inner  ftg-lightbox' href='https:\/\/i2.wp.com\/clairemoog.com\/wp-content\/uploads\/2018\/11\/Prainting21-1006x1024.jpg?ssl=1' ><img alt='Prainting #21' class='item skip-lazy' data-class='item' data-ftg-source='https:\/\/i2.wp.com\/clairemoog.com\/wp-content\/uploads\/2018\/11\/Prainting21.jpg?resize=1140%2C1160' src='https:\/\/i2.wp.com\/clairemoog.com\/wp-content\/uploads\/2018\/11\/Prainting21.jpg?resize=1140%2C1160' width='1140' height='1160' data-recalc-dims=\"1\" \/><div class='caption-block'><div class='text-wrapper'><span class='title'>Prainting #21<\/span><span class='text'>Technique mixte peinture et gravure sur toile, 30 x 30 cm (210 \u20ac)<\/span><\/div><\/div><\/a><div class='ftg-social'><\/div><\/div><div  class='tile ftg-preload  '><a title=\"Prainting #04\" data-lightbox='ftg-55' rel='ftg-55'  class=' tile-inner  ftg-lightbox' href='https:\/\/i1.wp.com\/clairemoog.com\/wp-content\/uploads\/2018\/11\/Prainting4-1024x808.jpg?ssl=1' ><img alt='Prainting #04' class='item skip-lazy' data-class='item' data-ftg-source='https:\/\/i1.wp.com\/clairemoog.com\/wp-content\/uploads\/2018\/11\/Prainting4.jpg?resize=1140%2C900' src='https:\/\/i1.wp.com\/clairemoog.com\/wp-content\/uploads\/2018\/11\/Prainting4.jpg?resize=1140%2C900' width='1140' height='900' data-recalc-dims=\"1\" \/><div class='caption-block'><div class='text-wrapper'><span class='title'>Prainting #04<\/span><span class='text'>Technique mixte peinture et gravure, sur toile libre, 160 x 200 cm (2.600 \u20ac)<\/span><\/div><\/div><\/a><div class='ftg-social'><\/div><\/div><div  class='tile ftg-preload  '><a title=\"Prainting #14\" data-lightbox='ftg-55' rel='ftg-55'  class=' tile-inner  ftg-lightbox' href='https:\/\/i2.wp.com\/clairemoog.com\/wp-content\/uploads\/2018\/11\/Prainting14-1024x1010.jpg?ssl=1' ><img alt='Prainting #14' class='item skip-lazy' data-class='item' data-ftg-source='https:\/\/i1.wp.com\/clairemoog.com\/wp-content\/uploads\/2018\/11\/Prainting14.jpg?resize=1140%2C1124' src='https:\/\/i1.wp.com\/clairemoog.com\/wp-content\/uploads\/2018\/11\/Prainting14.jpg?resize=1140%2C1124' width='1140' height='1124' data-recalc-dims=\"1\" \/><div class='caption-block'><div class='text-wrapper'><span class='title'>Prainting #14<\/span><span class='text'>Technique mixte peinture et gravure sur toile, 30 x 30 cm (210 \u20ac)<\/span><\/div><\/div><\/a><div class='ftg-social'><\/div><\/div><div  class='tile ftg-preload  '><a title=\"Prainting #03\" data-lightbox='ftg-55' rel='ftg-55'  class=' tile-inner  ftg-lightbox' href='https:\/\/i1.wp.com\/clairemoog.com\/wp-content\/uploads\/2018\/11\/Prainting3-807x1024.jpg?ssl=1' ><img alt='Prainting #03' class='item skip-lazy' data-class='item' data-ftg-source='https:\/\/i1.wp.com\/clairemoog.com\/wp-content\/uploads\/2018\/11\/Prainting3.jpg?resize=1140%2C1446' src='https:\/\/i1.wp.com\/clairemoog.com\/wp-content\/uploads\/2018\/11\/Prainting3.jpg?resize=1140%2C1446' width='1140' height='1446' data-recalc-dims=\"1\" \/><div class='caption-block'><div class='text-wrapper'><span class='title'>Prainting #03<\/span><span class='text'>Technique mixte peinture et gravure sur toile libre, 80 x 100 cm (vendue)<\/span><\/div><\/div><\/a><div class='ftg-social'><\/div><\/div><div  class='tile ftg-preload  '><a title=\"Prainting #01\" data-lightbox='ftg-55' rel='ftg-55'  class=' tile-inner  ftg-lightbox' href='https:\/\/i2.wp.com\/clairemoog.com\/wp-content\/uploads\/2018\/11\/Prainting1-725x1024.jpg?ssl=1' ><img alt='Prainting #01' class='item skip-lazy' data-class='item' data-ftg-source='https:\/\/i1.wp.com\/clairemoog.com\/wp-content\/uploads\/2018\/11\/Prainting1.jpg?resize=1065%2C1505' src='https:\/\/i1.wp.com\/clairemoog.com\/wp-content\/uploads\/2018\/11\/Prainting1.jpg?resize=1065%2C1505' width='1065' height='1505' data-recalc-dims=\"1\" \/><div class='caption-block'><div class='text-wrapper'><span class='title'>Prainting #01<\/span><span class='text'>Technique mixte peinture et gravure sur toile libre, 80 x 100 cm (700 \u20ac)<\/span><\/div><\/div><\/a><div class='ftg-social'><\/div><\/div><div  class='tile ftg-preload  '><a title=\"Prainting #17\" data-lightbox='ftg-55' rel='ftg-55'  class=' tile-inner  ftg-lightbox' href='https:\/\/i1.wp.com\/clairemoog.com\/wp-content\/uploads\/2018\/11\/Prainting17-1024x1002.jpg?ssl=1' ><img alt='Prainting #17' class='item skip-lazy' data-class='item' data-ftg-source='https:\/\/i1.wp.com\/clairemoog.com\/wp-content\/uploads\/2018\/11\/Prainting17.jpg?resize=1140%2C1116' src='https:\/\/i1.wp.com\/clairemoog.com\/wp-content\/uploads\/2018\/11\/Prainting17.jpg?resize=1140%2C1116' width='1140' height='1116' data-recalc-dims=\"1\" \/><div class='caption-block'><div class='text-wrapper'><span class='title'>Prainting #17<\/span><span class='text'>Technique mixte peinture et gravure sur toile, 30 x 30 cm (210 \u20ac)<\/span><\/div><\/div><\/a><div class='ftg-social'><\/div><\/div><div  class='tile ftg-preload  '><a title=\"Prainting #15\" data-lightbox='ftg-55' rel='ftg-55'  class=' tile-inner  ftg-lightbox' href='https:\/\/i2.wp.com\/clairemoog.com\/wp-content\/uploads\/2018\/11\/Prainting15-1014x1024.jpg?ssl=1' ><img alt='Prainting #15' class='item skip-lazy' data-class='item' data-ftg-source='https:\/\/i2.wp.com\/clairemoog.com\/wp-content\/uploads\/2018\/11\/Prainting15.jpg?resize=1140%2C1151' src='https:\/\/i2.wp.com\/clairemoog.com\/wp-content\/uploads\/2018\/11\/Prainting15.jpg?resize=1140%2C1151' width='1140' height='1151' data-recalc-dims=\"1\" \/><div class='caption-block'><div class='text-wrapper'><span class='title'>Prainting #15<\/span><span class='text'>Technique mixte peinture et gravure sur toile, 30 x 30 cm (210 \u20ac)<\/span><\/div><\/div><\/a><div class='ftg-social'><\/div><\/div><div  class='tile ftg-preload  '><a title=\"Prainting #06\" data-lightbox='ftg-55' rel='ftg-55'  class=' tile-inner  ftg-lightbox' href='https:\/\/i0.wp.com\/clairemoog.com\/wp-content\/uploads\/2018\/11\/clairemoog_prainting_06-1024x1024.jpg?ssl=1' ><img alt='Prainting #06' class='item skip-lazy' data-class='item' data-ftg-source='https:\/\/i0.wp.com\/clairemoog.com\/wp-content\/uploads\/2018\/11\/clairemoog_prainting_06.jpg?resize=1140%2C1140' src='https:\/\/i0.wp.com\/clairemoog.com\/wp-content\/uploads\/2018\/11\/clairemoog_prainting_06.jpg?resize=1140%2C1140' width='1140' height='1140' data-recalc-dims=\"1\" \/><div class='caption-block'><div class='text-wrapper'><span class='title'>Prainting #06<\/span><span class='text'>Technique mixte peinture et gravure sur toile, 40 x 40 cm (320 \u20ac)<\/span><\/div><\/div><\/a><div class='ftg-social'><\/div><\/div><div  class='tile ftg-preload  '><a title=\"Prainting #19\" data-lightbox='ftg-55' rel='ftg-55'  class=' tile-inner  ftg-lightbox' href='https:\/\/i1.wp.com\/clairemoog.com\/wp-content\/uploads\/2018\/11\/Prainting19-1024x1024.jpg?ssl=1' ><img alt='Prainting #19' class='item skip-lazy' data-class='item' data-ftg-source='https:\/\/i2.wp.com\/clairemoog.com\/wp-content\/uploads\/2018\/11\/Prainting19.jpg?resize=1140%2C1141' src='https:\/\/i2.wp.com\/clairemoog.com\/wp-content\/uploads\/2018\/11\/Prainting19.jpg?resize=1140%2C1141' width='1140' height='1141' data-recalc-dims=\"1\" \/><div class='caption-block'><div class='text-wrapper'><span class='title'>Prainting #19<\/span><span class='text'>Technique mixte peinture et gravure sur toile, 30 x 30 cm (210 \u20ac)<\/span><\/div><\/div><\/a><div class='ftg-social'><\/div><\/div><div  class='tile ftg-preload  '><a title=\"Prainting #16\" data-lightbox='ftg-55' rel='ftg-55'  class=' tile-inner  ftg-lightbox' href='https:\/\/i2.wp.com\/clairemoog.com\/wp-content\/uploads\/2018\/11\/Prainting16-1012x1024.jpg?ssl=1' ><img alt='Prainting #16' class='item skip-lazy' data-class='item' data-ftg-source='https:\/\/i0.wp.com\/clairemoog.com\/wp-content\/uploads\/2018\/11\/Prainting16.jpg?resize=1140%2C1154' src='https:\/\/i0.wp.com\/clairemoog.com\/wp-content\/uploads\/2018\/11\/Prainting16.jpg?resize=1140%2C1154' width='1140' height='1154' data-recalc-dims=\"1\" \/><div class='caption-block'><div class='text-wrapper'><span class='title'>Prainting #16<\/span><span class='text'>Technique mixte peinture et gravure sur toile, 30 x 30 cm (210 \u20ac)<\/span><\/div><\/div><\/a><div class='ftg-social'><\/div><\/div><div  class='tile ftg-preload  '><a title=\"Prainting #20\" data-lightbox='ftg-55' rel='ftg-55'  class=' tile-inner  ftg-lightbox' href='https:\/\/i1.wp.com\/clairemoog.com\/wp-content\/uploads\/2018\/11\/Prainting20-978x1024.jpg?ssl=1' ><img alt='Prainting #20' class='item skip-lazy' data-class='item' data-ftg-source='https:\/\/i2.wp.com\/clairemoog.com\/wp-content\/uploads\/2018\/11\/Prainting20.jpg?resize=1140%2C1194' src='https:\/\/i2.wp.com\/clairemoog.com\/wp-content\/uploads\/2018\/11\/Prainting20.jpg?resize=1140%2C1194' width='1140' height='1194' data-recalc-dims=\"1\" \/><div class='caption-block'><div class='text-wrapper'><span class='title'>Prainting #20<\/span><span class='text'>Technique mixte peinture et gravure sur toile, 30 x 30 cm (210 \u20ac)<\/span><\/div><\/div><\/a><div class='ftg-social'><\/div><\/div><\/div><\/div><script type='text\/javascript'>jQuery('#ftg-55 img.item').removeAttr('src');jQuery(document).ready(function () {setTimeout(function () {jQuery('#ftg-55').finalTilesGallery({minTileWidth: 250,margin: 10,loadMethod: 'sequential',nonce: 'e4483595ce',galleryId: '5',setupFilters: true,layout: 'columns',debug: false,gridSize: 15,disableGridSizeBelow:800,allowEnlargement: true,columns: [[4000, 4],[1024, 4],[800, 3],[480, 3],[320, 2]],selectedFilter: 'n-a'});jQuery(function () {(function () {var rel = '';jQuery('#ftg-55 .ftg-lightbox').click(function (e) {rel = jQuery(this).attr('rel');jQuery('#ftg-55 .ftg-current').removeClass('ftg-current');jQuery('#ftg-55 [rel=\"'+rel+'\"]').addClass('ftg-current');});})();});}, 0);});<\/script>\n<\/div>\n\t\t<\/div><\/div><div id=\"pgc-gb89-69ecc4abcd9a2-0-1\"  class=\"panel-grid-cell\" ><div id=\"panel-gb89-69ecc4abcd9a2-0-1-0\" class=\"so-panel widget widget_text panel-first-child panel-last-child\" data-index=\"1\" >\t\t\t<div class=\"textwidget\"><p><img data-attachment-id=\"722\" data-permalink=\"https:\/\/clairemoog.com\/index.php\/prainting\/prainting-2\/\" data-orig-file=\"https:\/\/clairemoog.com\/wp-content\/uploads\/2018\/12\/prainting.jpg\" data-orig-size=\"960,960\" data-comments-opened=\"0\" data-image-meta=\"{&quot;aperture&quot;:&quot;0&quot;,&quot;credit&quot;:&quot;&quot;,&quot;camera&quot;:&quot;&quot;,&quot;caption&quot;:&quot;&quot;,&quot;created_timestamp&quot;:&quot;0&quot;,&quot;copyright&quot;:&quot;&quot;,&quot;focal_length&quot;:&quot;0&quot;,&quot;iso&quot;:&quot;0&quot;,&quot;shutter_speed&quot;:&quot;0&quot;,&quot;title&quot;:&quot;&quot;,&quot;orientation&quot;:&quot;1&quot;}\" data-image-title=\"Prainting\" data-image-description=\"&lt;p&gt;Prainting, 80 x 100 cm (vendue)&lt;\/p&gt;\n\" data-image-caption=\"\" data-medium-file=\"https:\/\/clairemoog.com\/wp-content\/uploads\/2018\/12\/prainting-500x500.jpg\" data-large-file=\"https:\/\/clairemoog.com\/wp-content\/uploads\/2018\/12\/prainting.jpg\" loading=\"lazy\" class=\"alignnone size-medium wp-image-722\" src=\"https:\/\/i1.wp.com\/clairemoog.com\/wp-content\/uploads\/2018\/12\/prainting.jpg?resize=500%2C500\" alt=\"\" width=\"500\" height=\"500\" data-recalc-dims=\"1\" srcset=\"https:\/\/i1.wp.com\/clairemoog.com\/wp-content\/uploads\/2018\/12\/prainting.jpg?w=960&amp;ssl=1 960w, https:\/\/i1.wp.com\/clairemoog.com\/wp-content\/uploads\/2018\/12\/prainting.jpg?resize=300%2C300&amp;ssl=1 300w, https:\/\/i1.wp.com\/clairemoog.com\/wp-content\/uploads\/2018\/12\/prainting.jpg?resize=500%2C500&amp;ssl=1 500w, https:\/\/i1.wp.com\/clairemoog.com\/wp-content\/uploads\/2018\/12\/prainting.jpg?resize=768%2C768&amp;ssl=1 768w, https:\/\/i1.wp.com\/clairemoog.com\/wp-content\/uploads\/2018\/12\/prainting.jpg?resize=50%2C50&amp;ssl=1 50w\" sizes=\"(max-width: 500px) 100vw, 500px\" \/><\/p>\n<p>Peinture et linogravure, les deux mediums utilis\u00e9s dans mon travail, o\u00f9 le retrait de mati\u00e8re fait na\u00eetre la forme, sont compl\u00e9mentaires et totalement li\u00e9s : faire appara\u00eetre ce qui est cach\u00e9, comme on creuse pour chercher une v\u00e9rit\u00e9, \u00e0 soi.<\/p>\n<p>Mes <b>praintings<\/b> m\u00ealent les deux techniques, peinture et gravure, sur toile libre ou sur ch\u00e2ssis.<\/p>\n<\/div>\n\t\t<\/div><\/div><\/div><\/div>","protected":false},"excerpt":{"rendered":"<p>Peinture et linogravure, les deux mediums utilis\u00e9s dans mon travail, o\u00f9 le retrait de mati\u00e8re fait na\u00eetre la forme, sont compl\u00e9mentaires et totalement li\u00e9s : faire appara\u00eetre ce qui est cach\u00e9, comme on creuse pour chercher une v\u00e9rit\u00e9, \u00e0 soi. Mes praintings m\u00ealent les deux techniques, peinture et gravure, sur toile libre ou sur ch\u00e2ssis.<\/p>\n","protected":false},"author":1,"featured_media":0,"parent":0,"menu_order":0,"comment_status":"closed","ping_status":"closed","template":"","meta":{"spay_email":""},"jetpack_sharing_enabled":true,"jetpack_shortlink":"https:\/\/wp.me\/PapqWZ-1r","_links":{"self":[{"href":"https:\/\/clairemoog.com\/index.php\/wp-json\/wp\/v2\/pages\/89"}],"collection":[{"href":"https:\/\/clairemoog.com\/index.php\/wp-json\/wp\/v2\/pages"}],"about":[{"href":"https:\/\/clairemoog.com\/index.php\/wp-json\/wp\/v2\/types\/page"}],"author":[{"embeddable":true,"href":"https:\/\/clairemoog.com\/index.php\/wp-json\/wp\/v2\/users\/1"}],"replies":[{"embeddable":true,"href":"https:\/\/clairemoog.com\/index.php\/wp-json\/wp\/v2\/comments?post=89"}],"version-history":[{"count":17,"href":"https:\/\/clairemoog.com\/index.php\/wp-json\/wp\/v2\/pages\/89\/revisions"}],"predecessor-version":[{"id":864,"href":"https:\/\/clairemoog.com\/index.php\/wp-json\/wp\/v2\/pages\/89\/revisions\/864"}],"wp:attachment":[{"href":"https:\/\/clairemoog.com\/index.php\/wp-json\/wp\/v2\/media?parent=89"}],"curies":[{"name":"wp","href":"https:\/\/api.w.org\/{rel}","templated":true}]}}